{"id":484,"date":"2023-02-19T15:44:19","date_gmt":"2023-02-19T14:44:19","guid":{"rendered":"https:\/\/www.bouquet-salaie.fr\/?page_id=484"},"modified":"2025-07-08T13:59:02","modified_gmt":"2025-07-08T12:59:02","slug":"noce-maraichine","status":"publish","type":"page","link":"https:\/\/www.bouquet-salaie.fr\/index.php\/noce-maraichine\/","title":{"rendered":"NOCE MARAICHINE  19\/10\/2025"},"content":{"rendered":"\n<p class=\"has-medium-font-size\">La noce de Jeani&rsquo;t et C\u00e9lestine se d\u00e9roulera, <span class=\"tadv-color\" style=\"color:#0693e3\"><strong>dimanche 19\/10\/2025, \u00e0 partir de 12h \u00e0 la salle polyvalente de BEAUVOIR SUR MER.<\/strong><\/span><\/p>\n\n\n\n<p class=\"has-medium-font-size\">Nous avons h\u00e2te de vous retrouver autour de notre repas mara\u00eechin et nos danses d&rsquo;autrefois.<\/p>\n\n\n\n<p class=\"has-medium-font-size\">Les r\u00e9servations se font aupr\u00e8s de :<\/p>\n\n\n\n<p><a href=\"https:\/\/www.bouquet-salaie.fr\/wp-content\/uploads\/2025\/07\/affiche2.pdf\">Sur r\u00e9servation &#8211; Voir affiche<\/a><\/p>\n\n\n\n<p class=\"has-medium-font-size\"><strong>Mme LEROY Anne-Marie 0770572645<\/strong> <strong>et<\/strong> <strong>Mme<strong> RONDEAU<\/strong> Marie-Th\u00e9r\u00e8se 06 76 45 62 76<\/strong><\/p>\n\n\n<div class=\"wp-block-image\">\n<figure class=\"aligncenter size-large\"><img decoding=\"async\" src=\"https:\/\/www.bouquet-salaie.fr\/wp-content\/uploads\/2023\/02\/noce-maraichine-042023-698x1024.png\" alt=\"\" class=\"wp-image-622\"\/><\/figure><\/div>\n\n\n<p><\/p>\n","protected":false},"excerpt":{"rendered":"<p>La noce de Jeani&rsquo;t et C\u00e9lestine se d\u00e9roulera, dimanche 19\/10\/2025, \u00e0 partir de 12h \u00e0 la salle polyvalente de BEAUVOIR SUR MER. Nous avons h\u00e2te de vous retrouver autour de notre repas mara\u00eechin et&#46;&#46;&#46;<\/p>\n","protected":false},"author":1,"featured_media":0,"parent":0,"menu_order":0,"comment_status":"closed","ping_status":"closed","template":"","meta":{"_uag_custom_page_level_css":"","footnotes":""},"class_list":["post-484","page","type-page","status-publish","hentry"],"uagb_featured_image_src":{"full":false,"thumbnail":false,"medium":false,"medium_large":false,"large":false,"1536x1536":false,"2048x2048":false,"thumb-small":false,"thumb-standard":false,"thumb-medium":false,"thumb-large":false,"thumb-xlarge":false,"thumb-xxlarge":false,"mailpoet_newsletter_max":false},"uagb_author_info":{"display_name":"Gilbert","author_link":"https:\/\/www.bouquet-salaie.fr\/index.php\/author\/admin7742\/"},"uagb_comment_info":0,"uagb_excerpt":"La noce de Jeani&rsquo;t et C\u00e9lestine se d\u00e9roulera, dimanche 19\/10\/2025, \u00e0 partir de 12h \u00e0 la salle polyvalente de BEAUVOIR SUR MER. Nous avons h\u00e2te de vous retrouver autour de notre repas mara\u00eechin et&#46;&#46;&#46;","publishpress_future_action":{"enabled":false,"date":"2026-05-07 14:44:33","action":"change-status","newStatus":"draft","terms":[],"taxonomy":"","extraData":[]},"publishpress_future_workflow_manual_trigger":{"enabledWorkflows":[]},"_links":{"self":[{"href":"https:\/\/www.bouquet-salaie.fr\/index.php\/wp-json\/wp\/v2\/pages\/484","targetHints":{"allow":["GET"]}}],"collection":[{"href":"https:\/\/www.bouquet-salaie.fr\/index.php\/wp-json\/wp\/v2\/pages"}],"about":[{"href":"https:\/\/www.bouquet-salaie.fr\/index.php\/wp-json\/wp\/v2\/types\/page"}],"author":[{"embeddable":true,"href":"https:\/\/www.bouquet-salaie.fr\/index.php\/wp-json\/wp\/v2\/users\/1"}],"replies":[{"embeddable":true,"href":"https:\/\/www.bouquet-salaie.fr\/index.php\/wp-json\/wp\/v2\/comments?post=484"}],"version-history":[{"count":13,"href":"https:\/\/www.bouquet-salaie.fr\/index.php\/wp-json\/wp\/v2\/pages\/484\/revisions"}],"predecessor-version":[{"id":958,"href":"https:\/\/www.bouquet-salaie.fr\/index.php\/wp-json\/wp\/v2\/pages\/484\/revisions\/958"}],"wp:attachment":[{"href":"https:\/\/www.bouquet-salaie.fr\/index.php\/wp-json\/wp\/v2\/media?parent=484"}],"curies":[{"name":"wp","href":"https:\/\/api.w.org\/{rel}","templated":true}]}}

<p class="has-medium-font-size">La noce de Jeani&rsquo;t et Célestine se déroulera, <span class="tadv-color" style="color:#0693e3"><strong>dimanche 19/10/2025, à partir de 12h à la salle polyvalente de BEAUVOIR SUR MER.</strong></span></p>



<p class="has-medium-font-size">Nous avons hâte de vous retrouver autour de notre repas maraîchin et nos danses d&rsquo;autrefois.</p>



<p class="has-medium-font-size">Les réservations se font auprès de :</p>



<p><a href="https://www.bouquet-salaie.fr/wp-content/uploads/2025/07/affiche2.pdf">Sur réservation &#8211; Voir affiche</a></p>



<p class="has-medium-font-size"><strong>Mme LEROY Anne-Marie 0770572645</strong> <strong>et</strong> <strong>Mme<strong> RONDEAU</strong> Marie-Thérèse 06 76 45 62 76</strong></p>


<div class="wp-block-image">
<figure class="aligncenter size-large"><img decoding="async" src="https://www.bouquet-salaie.fr/wp-content/uploads/2023/02/noce-maraichine-042023-698x1024.png" alt="" class="wp-image-622"/></figure></div>


<p></p>

<p>La noce de Jeani&rsquo;t et Célestine se déroulera, dimanche 19/10/2025, à partir de 12h à la salle polyvalente de BEAUVOIR SUR MER. Nous avons hâte de vous retrouver autour de notre repas maraîchin et&#46;&#46;&#46;</p>

La noce de Jeani&rsquo;t et Célestine se déroulera, dimanche 19/10/2025, à partir de 12h à la salle polyvalente de BEAUVOIR SUR MER. Nous avons hâte de vous retrouver autour de notre repas maraîchin et&#46;&#46;&#46;
